uppose -4*k + 6*k + 2*c + 14 = 0, 2*k - c + 2 = 0. Is k/(-4 - -1)*629 a prime number?
False
Is ((-9)/(-6))/3 + 7640/16 prime?
False
Let u be (18/(-4))/(11/(-616)). Let q = u + -103. Is q a prime number?
True
Let j(z) = -2*z**3 - 19*z**2 - 4*z + 17. Let c be j(-13). Suppose o - 6*o - a = -2040, c = 3*o - 5*a. Is o prime?
True
Let s(p) = 8*p - 15. Let g be s(5). Suppose -g*o + 30*o - 65 = 0. Is o a prime number?
True
Suppose 5*d = -3*a - 5, d - 3*a = 5*d + 7. Let k be 4/22 + (-216)/(-22). Suppose -d*x - k = -48. Is x a composite number?
False
Let k be 600 + 6*(-5)/(-10). Suppose -4*n = -n + 18. Is 28/n*k/(-6) prime?
False
Let j = -6061 - -12099. Is j a composite number?
True
Let h = 21211 + -11684. Is h composite?
True
Let n(z) = -1665*z**3 + 3*z**2 - 8*z - 11. Is n(-3) a prime number?
False
Let m be 26 + (3 - (5 + 2)). Let p(g) = g**2 + 6*g - 2. Let c be p(-7). Suppose c*w = -m + 957. Is w a prime number?
False
Is 4*(-2 + 3795/20) a composite number?
False
Suppose -3018 = 5*c - 5*p + 802, 0 = -3*c - 2*p - 2277. Let g = 3520 + c. Is g a prime number?
False
Let c be (3 + -28)/(3/(-36)). Suppose m = -97 + c. Is m a composite number?
True
Let c(s) = -s**2 - s + 4. Let n be c(0). Suppose 2*y = a + 311, -3*a + 5 + n = 0. Is y a prime number?
True
Let k(y) = y**3 + 13*y**2 - 8. Let p be k(-13). Let j = -5 - p. Suppose 431 = j*g - 40. Is g composite?
False
Suppose -69142 = -10*v + 5368. Is v a composite number?
False
Let w = 465 - -1046. Is w a prime number?
True
Let q(c) = 105*c**2 - 4*c - 7. Is q(4) prime?
True
Let j = 810 + -1874. Let k = 2047 + j. Is k a composite number?
False
Is (-84)/63 + (-6914)/(-6) a composite number?
False
Let x(y) = 344*y**2 + 4*y + 2. Let g be x(-2). Let p = g - 293. Is p a prime number?
False
Suppose -2*r + 2515 = w, -5*r + 2403 + 3901 = -3*w. Is r a prime number?
True
Let t = -9 + 8. Let y(d) = -2*d. Let h be y(t). Suppose -3*s - 31 = -4*s + 2*l, 2*s + h*l - 62 = 0. Is s composite?
False
Suppose -6 = -2*h - h. Suppose -n + 4 = d, h*n - 8 = -d - 2. Suppose -3*u = -d*u - 67. Is u composite?
False
Let f(r) = -11*r + 7. Suppose 0 = -2*g + 6*g + 60. Let s be f(g). Suppose 3*t - s = -t. Is t prime?
True
Let z(v) = 2*v**2 - 18*v - 21. Is z(-17) a composite number?
False
Suppose 5*j - 7049 = -p, 3*j = -p + 6*p - 35189. Is p a prime number?
True
Let f be 111/(-9) - 1/(-3). Let h be 6/36 + 3074/f. Let s = h - -405. Is s prime?
True
Suppose y = -3*n + 8353, 0*y = 5*n + y - 13923. Is n composite?
True
Is ((-14988)/(-30))/(16/40) composite?
False
Suppose 4*d - 2*z - 37176 = 0, 0 = 6*d - 3*d + 2*z - 27875. Is d a composite number?
False
Is -3 + -4 - -10 - (1 + -18591) prime?
True
Suppose -y + 24 - 21 = 0. Suppose -4*t + y*q + 424 = -2*q, 5*t - 559 = -q. Is t a prime number?
False
Let n(g) = -3*g**3 - 7*g**2 + 12*g + 5. Is n(-9) a prime number?
False
Let z = 3709 + -2182. Is z composite?
True
Suppose 2*m - 4 = -o, m + 0*o - 4*o - 2 = 0. Suppose -3*i = 3*q - 9, 0 = 5*q - i - 2 - 13. Suppose m*d = -q*d + 290. Is d a composite number?
True
Is (1 + 4 + 2538)*29 a prime number?
False
Suppose 332 = 5*a - 7*a + 4*x, -2*a + 2*x = 322. Let i = 1310 - a. Is i a prime number?
False
Let f be (8/((-2)/2))/(5/(-5)). Suppose -10656 - 6104 = -f*s. Is s a composite number?
True
Suppose i - 4*i + 252 = 0. Let m = i + 65. Is m a prime number?
True
Let g(j) = 6*j**3 - 2*j - 1. Let t(o) = -o**2 + o + 1. Let v be t(-1). Let z be g(v). Is (-5 - z) + 19/1 a composite number?
False
Let d(g) = -36*g + 247. Is d(-9) a composite number?
False
Let y be (-2)/(-7) - (-48)/(-21). Let a be 0/(y - 0/1). Suppose -x = -a*x - 203. Is x prime?
False
Suppose 0 = s - 4142 - 7451. Is s a prime number?
True
Let j be (2 + -2)*4/(-8). Suppose j*r + r = 79. Is r*2/(6/3) a composite number?
False
Let g(w) = -147 + 299 - 150 + 1227*w. Is g(1) a prime number?
True
Let i be (-72611)/(-92) + (-2)/8. Suppose -5*a + i = h, 2*h + h = -3. Is a a composite number?
True
Let p = -17 - -10. Let h = -7 - p. Suppose -2*c = -h*c - 238. Is c a composite number?
True
Let s(p) = -5*p + 29. Let n be s(5). Suppose 0 = h - z - 833, 0 = z - 3*z + n. Is h prime?
False
Let a(b) = 29*b + 1. Suppose 4*x - 3*v - 14 = 0, 4*x = 3*v - 2*v + 10. Is a(x) composite?
False
Let d(l) = 1939*l**2 - 174*l + 894. Is d(5) composite?
True
Let x be (4/(-2))/((-12)/30). Let w be (-766)/10 + (-2)/x. Let m = w - -132. Is m prime?
False
Suppose -3*u - 30991 = -5*z, 10*u = 14*u + 8. Is z a composite number?
False
Let q(v) = 2*v**2 + 6*v - 3. Let y = 22 + -11. Let h = -7 + y. Is q(h) prime?
True
Suppose -3*z + 1 = -11. Suppose -z*t - 2 - 14 = 0. Is -1*(307*t)/4 prime?
True
Suppose 0 = 5*w - 14 - 6. Suppose t + w*t - 20 = 0. Suppose 4*s = 5*g - 553, g + 351 = 4*g + t*s. Is g prime?
True
Is (-1342)/(-1) + 9 + (-5 - 9) a prime number?
False
Suppose -2*b + 47649 = 4*t - 40251, 2*t - 5*b = 43974. Is t a composite number?
False
Let a = -3261 + 5818. Is a prime?
True
Let m(j) = 1192*j**3 + 6*j**2 - 7*j. Is m(3) a prime number?
False
Let l be 1 + 1 - 12/3 - 3. Is (2804/10)/((-2)/l) a prime number?
True
Let o(x) = x - 3. Let a be o(5). Let t(v) = v + 13. Let b be t(-9). Suppose 143 = 2*g + a*g + 5*d, -b*d = g - 33. Is g prime?
True
Is (-29)/2*(-795 - -1) a prime number?
False
Let d(t) = 8*t**2 - 10*t + 3. Let h be d(7). Let n be 1*(h + -2 + -1). Suppose -2*i - 2*m = -306, -2*m = -0*i - 2*i + n. Is i a composite number?
False
Suppose -47*g = -55271 - 25052. Is g a prime number?
True
Let s(v) = -122*v + 74. Let b be s(-22). Suppose -d - d = -b. Is d a prime number?
False
Let i(w) = w**2 - 16*w + 1. Let d be 3/6*2*41. Let h = -23 + d. Is i(h) prime?
True
Let k be -64 + (-7)/(14/(-8)). Let n = k + 127. Is n prime?
True
Let k = -69010 + 207065. Is k composite?
True
Suppose 28*j + j = 100021. Is j a prime number?
True
Let j(u) = u**2 + 12*u + 28. Let y be j(-8). Is (89/(-2))/(y/8) a composite number?
False
Suppose -6*l = 7*l - 55445. Is l a prime number?
False
Let u(y) = 210*y + 233. Is u(16) a composite number?
False
Let p = -3218 + 80837. Is p prime?
False
Let q(x) = 206*x**2 + 9*x + 49. Is q(-6) prime?
True
Suppose 27199 = -4*p + 8*p + d, 0 = 3*p - 4*d - 20423. Is p a prime number?
False
Is 76090/(-105)*(-1 - 1/2) a prime number?
True
Let s(j) = j**2 - 140. Let i be s(0). Let o = i + 61. Is o/((-1)/(4 + -2)) a prime number?
False
Suppose 6*f = 125 - 407. Let g(b) = b**3 - 150. Let l be g(0). Let z = f - l. Is z a prime number?
True
Let b be (28/16)/(2/24). Let g = b - 13. Suppose 424 = g*q - 1104. Is q prime?
True
Let c be -965 - -3 - (1 - 0). Let z = 1700 + c. Is z composite?
True
Let v be 4*12/40*5. Let u = v - 4. Suppose 2*x + j - 137 = 0, -x + 207 = 2*x + u*j. Is x composite?
False
Let u(g) = 2149*g**2 + g + 5. Is u(-1) a prime number?
True
Suppose 527590 + 172179 = 7*c. Is c composite?
True
Suppose -n = f - 79, 3*n = 3*f + f + 258. Is n composite?
True
Let a(y) be the third derivative of 0*y - 3*y**2 + 23/8*y**4 + 0 - 1/3*y**3. Is a(3) composite?
True
Let w(j) = 2751 + j**3 + 3*j**2 + 6*j**2 - 2748 - 6*j. Suppose 2*f + 5 = -3*n, -4*f - 19 = -0*f + 3*n. Is w(f) a prime number?
False
Let w = -7354 - -10517. Is w composite?
False
Let p = -8139 - -35174. Is p a composite number?
True
Is -4 + ((-9414)/(-1))/2 a prime number?
True
Is (176 + 20589)/(-1 - -2) a prime number?
False
Suppose 0 = 3*r - 0*r - 3. Let u = 11 - 8. Is (r + (1 - u))*-131 prime?
True
Suppose 6*a - 53217 + 12021 = 0. Is a a composite number?
True
Let u(b) = b**3 - 4*b**2 - b - 4. Let f be u(5). Is (-12)/(-16) + 29348/f composite?
True
Let v = 16 - 10. Let b(n) = n**3 - 7*n**2 + 7*n - 2. Let s be b(v). Suppose o + s*k - 121 = k, -k - 510 = -4*o. Is o prime?
True
Suppose -5*f = 6958 - 44213. Is f a prime number?
True
Let s(o) = 7*o - 1. Let l be s(1). Suppose 4 = -b - p, 0*p + l = -b - 3*p. Let d = 3 - b. Is d a composite number?
True
Let a(c) = -c - 2. Let f be a(-6). Suppose f*d + 43 = -45. Is 12/(-66) + (-1918)/d a prime number?
False
Let f = -6 + -3. Let l = 12 + f. Suppose 5*j = l*j + 254. Is j a prime number?
True
Let c(b) be the first derivative of -17*b**5/20 - b**4/6 - b**3/6 - b**2/2 - 2*b - 4. Let p(l) be the first derivative of c(l). Is p(-3) prime?
True
Let l = -545 + 1193. Let w = l + -218. Suppose -2*c + w = -184. Is c a prime number?
True
Let y(u) = 17